n base 14, what is -577b4 - 0?
-577b4
In base 4, what is -102221 - -1123323?
1021102
In base 10, what is -6 - -588465?
588459
In base 14, what is -c34 + 5b?
-bb7
In base 4, what is -3 - 13113330?
-13113333
In base 11, what is 18625 - 43?
18592
In base 16, what is -2e + 54a4?
5476
In base 3, what is -212110110 - 20220?
-212201100
In base 2, what is 111000100100001100000 + -100?
111000100100001011100
In base 12, what is -322 + -ba7?
-1309
In base 13, what is 29 - -12b?
157
In base 16, what is 208 + 347?
54f
In base 7, what is 5410163 + -1?
5410162
In base 8, what is 6 - -61402?
61410
In base 7, what is -534 + -156?
-1023
In base 16, what is 3 - -216c9?
216cc
In base 8, what is -6 - -72410?
72402
In base 15, what is 57c301 + 5?
57c306
In base 11, what is -a3 - -1430?
1338
In base 4, what is -1131133 + -11?
-1131210
In base 8, what is 14137422 + 3?
14137425
In base 5, what is -11 - 3441142?
-3441203
In base 4, what is 11031010 - 2?
11031002
In base 11, what is -1678 + 0?
-1678
In base 9, what is -6 + 14872?
14865
In base 8, what is -137 - -1172?
1033
In base 11, what is -192 + -96?
-278
In base 10, what is -18 - -701?
683
In base 15, what is -4e16d - -d?
-4e160
In base 15, what is 7c8 + 3a?
813
In base 15, what is 3 - -144e1?
144e4
In base 4, what is 311332333 + -101?
311332232
In base 14, what is 18 - -7dc1?
7dd9
In base 2, what is -10111001011111111000 + 101?
-10111001011111110011
In base 5, what is -1202123014 + -1?
-1202123020
In base 7, what is 223 + 52546?
53102
In base 11, what is 28 + 9096?
9113
In base 11, what is -3223 + -429?
-3651
In base 14, what is 85a5 + 1?
85a6
In base 2, what is 10111011 + -110111100?
-100000001
In base 16, what is -9790f + -4?
-97913
In base 4, what is -212222001 - -1?
-212222000
In base 3, what is 1021121201 + -12020?
1021102111
In base 12, what is -20 - -271b3?
27193
In base 14, what is 12 + 1d76?
1d88
In base 14, what is 6b91 - -d?
6ba0
In base 15, what is -4 + -1aa46?
-1aa4a
In base 5, what is 244 - -20131?
20430
In base 8, what is 26 + -7106?
-7060
In base 10, what is -6616 - 97?
-6713
In base 2, what is 11 + -100000011110010010?
-100000011110001111
In base 13, what is 26bb81 - 3?
26bb7b
In base 16, what is 29 + -10a7?
-107e
In base 13, what is 63 - 1373?
-1310
In base 6, what is -44151512 - 1?
-44151513
In base 9, what is 2850 - 13?
2836
In base 10, what is 4 + 459992?
459996
In base 16, what is -31 - -10?
-21
In base 2, what is 111010011001 + 10000000?
111100011001
In base 2, what is -11 - 10100110010011?
-10100110010110
In base 16, what is -980 - -9?
-977
In base 10, what is 221 - 329?
-108
In base 8, what is 10135 - 41?
10074
In base 7, what is 55465 + 15?
55513
In base 9, what is -42335 + 11?
-42324
In base 12, what is 1 + 944a?
944b
In base 16, what is 722 + 36d?
a8f
In base 14, what is 31 - -7a?
ab
In base 11, what is -5 - -15078?
15073
In base 16, what is 6 - d58?
-d52
In base 15, what is -8a + -272c?
-27b7
In base 9, what is -117 - -165?
47
In base 15, what is 21d460 + -2?
21d45d
In base 2, what is 10011010110100 + 1111?
10011011000011
In base 6, what is 250 + -24212?
-23522
In base 6, what is 33105 + -10?
33055
In base 15, what is -835 - -6d4?
-151
In base 3, what is -1220211101222 + -2?
-1220211102001
In base 16, what is ce169 + 2?
ce16b
In base 3, what is 101102021 - 2?
101102012
In base 8, what is 6 - -60717?
60725
In base 3, what is 10021 - 2022100010?
-2022012212
In base 15, what is 2c21 - -2?
2c23
In base 12, what is -133427 + -6?
-133431
In base 5, what is 2 + -4411134?
-4411132
In base 7, what is -2 - 302160?
-302162
In base 12, what is -3a067 + -b?
-3a076
In base 13, what is -54b9 + 0?
-54b9
In base 15, what is 5d0e + -2?
5d0c
In base 16, what is a2 - 1b9?
-117
In base 4, what is 3 - 32131222?
-32131213
In base 8, what is 1032 + 43?
1075
In base 15, what is 3035 + -2?
3033
In base 10, what is -196627 + 17?
-196610
In base 15, what is -31 + 3e5?
3b4
In base 4, what is -1013002100 + -2?
-1013002102
In base 12, what is -b64 - 262?
-1206
In base 13, what is -6 - 3841?
-3847
In base 13, what is -1561 + -159?
-16ba
In base 8, what is 551334 + 41?
551375
In base 14, what is b2656 - 5?
b2651
In base 12, what is -21712 + 12?
-21700
In base 9, what is -3861 + 47?
-3813
In base 16, what is -1fe67 + 5?
-1fe62
In base 11, what is a + a566?
a575
In base 3, what is -12 + 202210111?
202210022
In base 10, what is 13964 + 4?
13968
In base 2, what is 1101111101 + -10110100?
1011001001
In base 10, what is -72840 + 2?
-72838
In base 11, what is 4952 - -13?
4965
In base 7, what is 55634 - 45?
55556
In base 12, what is 3 - -1665a?
16661
In base 6, what is 14445 - 22?
14423
In base 12, what is 58 - 1574?
-1518
In base 11, what is -50041 + -14?
-50055
In base 6, what is -23443 - -50?
-23353
In base 8, what is 22612 + -61?
22531
In base 14, what is -6 + 2b40?
2b38
In base 16, what is -b - -40cac?
40ca1
In base 6, what is -4 - -134034?
134030
In base 2, what is 101 - -11001101101000?
11001101101101
In base 5, what is 3200412 + 2?
3200414
In base 14, what is 0 - -51c0?
51c0
In base 11, what is -8a3 - 3a?
-932
In base 16, what is -1043e + 3?
-1043b
In base 6, what is 13 + -12001042?
-12001025
In base 3, what is 1021200200 + -200?
1021200000
In base 8, what is 6 + -14134?
-14126
In base 8, what is 302 - -131?
433
In base 13, what is 180 - 11773?
-115c3
In base 10, what is 328 - -5177?
5505
In base 14, what is d17b - 15?
d166
In base 9, what is 7028 - -33?
7062
In base 16, what is -1 - a4d?
-a4e
In base 15, what is -1 + -ad52?
-ad53
In base 3, what is -2221 + -1110201?
-1120122
In base 16, what is -2c8 - -19?
-2af
In base 2, what is 10011010000 - -100001110?
10111011110
In base 16, what is 16 + 1f69?
1f7f
In base 16, what is -35c9 - -6?
-35c3
In base 5, what is 142 - 231223?
-231031
In base 9, what is 1333 + 10?
1343
In base 16, what is 129 - -8d4?
9fd
In base 4, what is -123333 + -33303?
-223302
In base 9, what is -2 - -8220?
8217
In base 15, what is 2326 + -8?
231d
In base 10, what is 0 - 74936?
-74936
In base 13, what is -2bab - 110?
-2cbb
In base 12, what is 1a13 - 18?
19b7
In base 7, what is 145 + 3431?
3606
In base 2, what is 0 - 10101111101100101?
-10101111101100101
In base 6, what is -12 + -21514250?
-21514302
In base 12, what is 316 + 129?
443
In base 6, what is -1141522 - -12?
-1141510
In base 3, what is -2 + 20000100?
20000021
In base 8, what is 3 + 13442?
13445
In base 12, what is 2 + 110b64?
110b66
In base 13, what is 1 - 2b85?
-2b84
In base 7, what is -2142 + 54?
-2055
In base 3, what is -110222212211 - 11?
-110222212222
In base 12, what is 1221 - -aa?
130b
In base 13, what is -82 + 123?
71
In base 2, what is 10101101100110111 - 111?
10101101100110000
In base 10, what is -309 - 82?
-391
In base 7, what is -5 - 2241033?
-2241041
In base 8, what is -2406 + -6?
-2414
In base 14, what is -bd39 + 2?
-bd37
In base 13, what is -1492 - 7?
-1499
In base 13, what is -6ac - -4?
-6a8
In base 13, what is 3b30b5 - 5?
3b30b0
In base 3, what is -2220202001 + 12?
-2220201212
In base 16, what is 1f88 + -121?
1e67
In base 10, what is 32 + 10834?
10866
In base 10, what is -1 - 26008?
-26009
In base 8, what is 3 - 430236?
-430233
In base 9, what is -10 - -11071?
11061
In base 2, what is -100001111011 + 111000110?
-11010110101
In base 7, what is 11663346 + 4?
11663353
In base 12, what is 4264 + 2?
4266
In base 7, what is -5 + 55545?
55540
In base 2, what is -1000 - -1010110101010?
1010110100010
In base 3, what is 2000210011200 + -12?
2000210011111
In base 12, what is 9 - 82a07?
-829ba
In base 12, what is 694b8 - 2?
694b6
In base 11, what is -109585 - -5?
-109580
In base 14, what is -2 - -33b4c?
33b4a
In base 12, what is -a828 - 4?
-a830
In base 15, what is -10e602 + -1?
-10e603
In base 7, what is -355362 + 23?
-355336
In base 12, what is -42956 + 5?
-42951
In base 10, what is -19089 - 34?
-19123
In base 5, what is 423441 + -1301?
422140
In base 13, what is -c2 + -108?
-1ca
In base 4, what is 2023300 - -13011?
2102311
In base 13, what is -12 - -10bac?
10b9a
In base 2, what is 1001 - -1011111010000010001?
1011111010000011010
In base 15, what is -b0c + -c?
-b19
In base 15, what is -2da2 + 3?
-2d9e
In base 3, what is -120011120 - 100102?
-120111222
In base 16, what is b6af2 - -4?
b6af6
In base 9, what is -451027 + -1?
-451028
